{"id":12,"date":"2024-03-24T11:50:49","date_gmt":"2024-03-24T11:50:49","guid":{"rendered":"http:\/\/skanderborgbnb.dk\/?page_id=12"},"modified":"2026-02-21T21:38:25","modified_gmt":"2026-02-21T21:38:25","slug":"skanderborg-bnb","status":"publish","type":"page","link":"https:\/\/skanderborgbnb.dk\/","title":{"rendered":"Skanderborg BnB\u00a0"},"content":{"rendered":"\n<h1 class=\"wp-block-heading has-text-align-center\">er LUKKET!<\/h1>\n\n\n\n<div class=\"wp-block-group alignfull has-background-background-color has-background\" style=\"margin-top:0;margin-bottom:0;padding-top:var(--wp--preset--spacing--60);padding-right:var(--wp--preset--spacing--30);padding-bottom:var(--wp--preset--spacing--60);padding-left:var(--wp--preset--spacing--30)\"><div class=\"wp-block-group__inner-container is-layout-constrained wp-container-core-group-is-layout-392eb801 wp-block-group-is-layout-constrained\">\n<div class=\"wp-block-group alignwide is-content-justification-center\"><div class=\"wp-block-group__inner-container is-layout-constrained wp-block-group-is-layout-constrained\">\n<h4 class=\"wp-block-heading has-text-align-center\"><strong>Vi har solgt huset og fraflytter i for\u00e5ret 2026<\/strong><\/h4>\n\n\n\n<h4 class=\"wp-block-heading has-text-align-center\"><strong>Vi har v\u00e6ret glade for otte gode \u00e5r med mange s\u00f8de g\u00e6ster, og ser nu frem til en ny tid.<\/strong><\/h4>\n\n\n\n<h4 class=\"wp-block-heading has-text-align-center\"><strong>Tak til alle jer, som har v\u00e6ret forbi og beriget vores liv med jeres bes\u00f8g!<\/strong><br><\/h4>\n\n\n\n<p class=\"has-text-align-center\"><\/p>\n\n\n\n<div class=\"wp-block-columns alignwide is-layout-flex wp-container-core-columns-is-layout-65786054 wp-block-columns-is-layout-flex\">\n<div class=\"wp-block-column is-layout-flow wp-block-column-is-layout-flow\"><div class=\"wp-block-image\">\n<figure class=\"alignleft size-large\"><img loading=\"lazy\" decoding=\"async\" width=\"1024\" height=\"768\" src=\"https:\/\/skanderborgbnb.dk\/wp-content\/uploads\/2024\/12\/20-1127-IP6_haven_2020-07-13-15-35-1024x768.jpeg\" alt=\"\" class=\"wp-image-1599\" srcset=\"https:\/\/skanderborgbnb.dk\/wp-content\/uploads\/2024\/12\/20-1127-IP6_haven_2020-07-13-15-35-1024x768.jpeg 1024w, https:\/\/skanderborgbnb.dk\/wp-content\/uploads\/2024\/12\/20-1127-IP6_haven_2020-07-13-15-35-300x225.jpeg 300w, https:\/\/skanderborgbnb.dk\/wp-content\/uploads\/2024\/12\/20-1127-IP6_haven_2020-07-13-15-35-768x576.jpeg 768w, https:\/\/skanderborgbnb.dk\/wp-content\/uploads\/2024\/12\/20-1127-IP6_haven_2020-07-13-15-35-1536x1152.jpeg 1536w, https:\/\/skanderborgbnb.dk\/wp-content\/uploads\/2024\/12\/20-1127-IP6_haven_2020-07-13-15-35-2048x1536.jpeg 2048w\" sizes=\"auto, (max-width: 1024px) 100vw, 1024px\" \/><figcaption class=\"wp-element-caption\">Huset set fra haven<\/figcaption><\/figure>\n<\/div><\/div>\n<\/div>\n<\/div><\/div>\n<\/div><\/div>\n\n\n\n<div class=\"wp-block-columns is-layout-flex wp-container-core-columns-is-layout-9d6595d7 wp-block-columns-is-layout-flex\">\n<div class=\"wp-block-column is-layout-flow wp-block-column-is-layout-flow\" style=\"flex-basis:25%\">\n<figure class=\"wp-block-image size-large\"><a href=\"https:\/\/dk.trustpilot.com\/review\/skanderborgbnb.dk\" target=\"_blank\" rel=\" noreferrer noopener\"><img loading=\"lazy\" decoding=\"async\" width=\"199\" height=\"200\" src=\"https:\/\/skanderborgbnb.dk\/wp-content\/uploads\/2024\/12\/Trustpilot-199x200.jpg\" alt=\"\" class=\"wp-image-1493\" srcset=\"https:\/\/skanderborgbnb.dk\/wp-content\/uploads\/2024\/12\/Trustpilot.jpg 199w, https:\/\/skanderborgbnb.dk\/wp-content\/uploads\/2024\/12\/Trustpilot-150x150.jpg 150w\" sizes=\"auto, (max-width: 199px) 100vw, 199px\" \/><\/a><\/figure>\n<\/div>\n\n\n\n<div class=\"wp-block-column is-layout-flow wp-block-column-is-layout-flow\" style=\"flex-basis:50%\">\n<h3 class=\"wp-block-heading has-text-align-center\">Anmeldelser<\/h3>\n\n\n\n<a id=\"book\"><\/a>\n<br><br>\n\n\n<div id=\"metaslider-id-931\" style=\"width: 100%;\" class=\"ml-slider-3-108-0 metaslider metaslider-flex metaslider-931 ml-slider ms-theme-default nav-hidden\" role=\"region\" aria-label=\"Anmeldelser\" data-width=\"249\">\n    <div id=\"metaslider_container_931\">\n        <div id=\"metaslider_931\">\n            <ul class='slides'>\n                <li style=\"display: block; width: 100%;\" class=\"slide-932 ms-image \" aria-roledescription=\"slide\" data-date=\"2024-06-08 12:40:07\" data-filename=\"Anmeld9.jpg\" data-slide-type=\"image\"><img decoding=\"async\" src=\"https:\/\/skanderborgbnb.dk\/wp-content\/uploads\/2024\/06\/Anmeld9.jpg\" width=\"249\" alt=\"\" class=\"slider-931 slide-932 msDefaultImage\" title=\"Anmeld9\" \/><\/li>\n                <li style=\"display: none; width: 100%;\" class=\"slide-933 ms-image \" aria-roledescription=\"slide\" data-date=\"2024-06-08 12:40:07\" data-filename=\"Anmeld8-249x147.jpg\" data-slide-type=\"image\"><img decoding=\"async\" src=\"https:\/\/skanderborgbnb.dk\/wp-content\/uploads\/2024\/06\/Anmeld8-249x147.jpg\" width=\"249\" alt=\"\" class=\"slider-931 slide-933 msDefaultImage\" title=\"Anmeld8\" \/><\/li>\n                <li style=\"display: none; width: 100%;\" class=\"slide-934 ms-image \" aria-roledescription=\"slide\" data-date=\"2024-06-08 12:40:07\" data-filename=\"Anmeld7.jpg\" data-slide-type=\"image\"><img decoding=\"async\" src=\"https:\/\/skanderborgbnb.dk\/wp-content\/uploads\/2024\/06\/Anmeld7.jpg\" width=\"249\" alt=\"\" class=\"slider-931 slide-934 msDefaultImage\" title=\"Anmeld7\" \/><\/li>\n                <li style=\"display: none; width: 100%;\" class=\"slide-935 ms-image \" aria-roledescription=\"slide\" data-date=\"2024-06-08 12:40:07\" data-filename=\"Anmeld6.jpg\" data-slide-type=\"image\"><img decoding=\"async\" src=\"https:\/\/skanderborgbnb.dk\/wp-content\/uploads\/2024\/06\/Anmeld6.jpg\" width=\"249\" alt=\"\" class=\"slider-931 slide-935 msDefaultImage\" title=\"Anmeld6\" \/><\/li>\n                <li style=\"display: none; width: 100%;\" class=\"slide-936 ms-image \" aria-roledescription=\"slide\" data-date=\"2024-06-08 12:40:08\" data-filename=\"Anmeld5.jpg\" data-slide-type=\"image\"><img decoding=\"async\" src=\"https:\/\/skanderborgbnb.dk\/wp-content\/uploads\/2024\/06\/Anmeld5.jpg\" width=\"249\" alt=\"\" class=\"slider-931 slide-936 msDefaultImage\" title=\"Anmeld5\" \/><\/li>\n                <li style=\"display: none; width: 100%;\" class=\"slide-937 ms-image \" aria-roledescription=\"slide\" data-date=\"2024-06-08 12:40:08\" data-filename=\"Anmeld4-249x148.jpg\" data-slide-type=\"image\"><img decoding=\"async\" src=\"https:\/\/skanderborgbnb.dk\/wp-content\/uploads\/2024\/06\/Anmeld4-249x148.jpg\" width=\"249\" alt=\"\" class=\"slider-931 slide-937 msDefaultImage\" title=\"Anmeld4\" \/><\/li>\n                <li style=\"display: none; width: 100%;\" class=\"slide-938 ms-image \" aria-roledescription=\"slide\" data-date=\"2024-06-08 12:40:08\" data-filename=\"Anmeld3-249x146.jpg\" data-slide-type=\"image\"><img decoding=\"async\" src=\"https:\/\/skanderborgbnb.dk\/wp-content\/uploads\/2024\/06\/Anmeld3-249x146.jpg\" width=\"249\" alt=\"\" class=\"slider-931 slide-938 msDefaultImage\" title=\"Anmeld3\" \/><\/li>\n                <li style=\"display: none; width: 100%;\" class=\"slide-939 ms-image \" aria-roledescription=\"slide\" data-date=\"2024-06-08 12:40:08\" data-filename=\"Anmeld2-249x146.jpg\" data-slide-type=\"image\"><img decoding=\"async\" src=\"https:\/\/skanderborgbnb.dk\/wp-content\/uploads\/2024\/06\/Anmeld2-249x146.jpg\" width=\"249\" alt=\"\" class=\"slider-931 slide-939 msDefaultImage\" title=\"Anmeld2\" \/><\/li>\n                <li style=\"display: none; width: 100%;\" class=\"slide-940 ms-image \" aria-roledescription=\"slide\" data-date=\"2024-06-08 12:40:08\" data-filename=\"Anmeld1-249x145.jpg\" data-slide-type=\"image\"><img decoding=\"async\" src=\"https:\/\/skanderborgbnb.dk\/wp-content\/uploads\/2024\/06\/Anmeld1-249x145.jpg\" width=\"249\" alt=\"\" class=\"slider-931 slide-940 msDefaultImage\" title=\"Anmeld1\" \/><\/li>\n                <li style=\"display: none; width: 100%;\" class=\"slide-941 ms-image \" aria-roledescription=\"slide\" data-date=\"2024-06-08 12:40:08\" data-filename=\"Anmeld0-249x147.jpg\" data-slide-type=\"image\"><img decoding=\"async\" src=\"https:\/\/skanderborgbnb.dk\/wp-content\/uploads\/2024\/06\/Anmeld0-249x147.jpg\" width=\"249\" alt=\"\" class=\"slider-931 slide-941 msDefaultImage\" title=\"Anmeld0\" \/><\/li>\n            <\/ul>\n        <\/div>\n        \n    <\/div>\n<\/div>\n\n\n\n<p><\/p>\n\n\n\n<p><\/p>\n<\/div>\n\n\n\n<div class=\"wp-block-column is-layout-flow wp-block-column-is-layout-flow\" style=\"flex-basis:25%\">\n<figure class=\"wp-block-image size-full\"><img loading=\"lazy\" decoding=\"async\" width=\"718\" height=\"1000\" src=\"https:\/\/skanderborgbnb.dk\/wp-content\/uploads\/2024\/06\/Hotel.social-2024-9.2-SBnB.png\" alt=\"Reviewscore\" class=\"wp-image-851\" srcset=\"https:\/\/skanderborgbnb.dk\/wp-content\/uploads\/2024\/06\/Hotel.social-2024-9.2-SBnB.png 718w, https:\/\/skanderborgbnb.dk\/wp-content\/uploads\/2024\/06\/Hotel.social-2024-9.2-SBnB-215x300.png 215w\" sizes=\"auto, (max-width: 718px) 100vw, 718px\" \/><\/figure>\n<\/div>\n<\/div>\n\n\n\n<p><\/p>\n","protected":false},"excerpt":{"rendered":"<p>er LUKKET! Vi har solgt huset og fraflytter i for\u00e5ret 2026 Vi har v\u00e6ret glade for otte gode \u00e5r med mange s\u00f8de g\u00e6ster, og ser nu frem til en ny tid. Tak til alle jer, som har v\u00e6ret forbi og beriget vores liv med jeres bes\u00f8g! Anmeldelser<\/p>\n","protected":false},"author":1,"featured_media":0,"parent":0,"menu_order":0,"comment_status":"closed","ping_status":"closed","template":"","meta":{"footnotes":""},"class_list":["post-12","page","type-page","status-publish"],"yoast_head":"<!-- This site is optimized with the Yoast SEO plugin v23.8 - https:\/\/yoast.com\/wordpress\/plugins\/seo\/ -->\n<title>Skanderborg BnB\u00a0 - Skanderborg BnB \u00d8stergade<\/title>\n<meta name=\"description\" content=\"Bed and Breakfast med hotel standard tilbyder overnatning i Skanderborg by, samt guide til by og natur. Bedst beliggende overnatning i Skanderborg.\" \/>\n<meta name=\"robots\" content=\"index, nofollow, max-snippet:-1, max-image-preview:large, max-video-preview:-1\" \/>\n<link rel=\"canonical\" href=\"https:\/\/skanderborgbnb.dk\/\" \/>\n<meta property=\"og:locale\" content=\"da_DK\" \/>\n<meta property=\"og:type\" content=\"article\" \/>\n<meta property=\"og:title\" content=\"Skanderborg BnB\u00a0 - Skanderborg BnB \u00d8stergade\" \/>\n<meta property=\"og:description\" content=\"Bed and Breakfast med hotel standard tilbyder overnatning i Skanderborg by, samt guide til by og natur. Bedst beliggende overnatning i Skanderborg.\" \/>\n<meta property=\"og:url\" content=\"https:\/\/skanderborgbnb.dk\/\" \/>\n<meta property=\"og:site_name\" content=\"Skanderborg BnB \u00d8stergade\" \/>\n<meta property=\"article:modified_time\" content=\"2026-02-21T21:38:25+00:00\" \/>\n<meta property=\"og:image\" content=\"https:\/\/skanderborgbnb.dk\/wp-content\/uploads\/2024\/12\/20-1127-IP6_haven_2020-07-13-15-35-scaled.jpeg\" \/>\n\t<meta property=\"og:image:width\" content=\"2560\" \/>\n\t<meta property=\"og:image:height\" content=\"1920\" \/>\n\t<meta property=\"og:image:type\" content=\"image\/jpeg\" \/>\n<meta name=\"twitter:card\" content=\"summary_large_image\" \/>\n<meta name=\"twitter:label1\" content=\"Estimeret l\u00e6setid\" \/>\n\t<meta name=\"twitter:data1\" content=\"1 minut\" \/>\n<script type=\"application\/ld+json\" class=\"yoast-schema-graph\">{\"@context\":\"https:\/\/schema.org\",\"@graph\":[{\"@type\":\"WebPage\",\"@id\":\"https:\/\/skanderborgbnb.dk\/\",\"url\":\"https:\/\/skanderborgbnb.dk\/\",\"name\":\"Skanderborg BnB\u00a0 - Skanderborg BnB \u00d8stergade\",\"isPartOf\":{\"@id\":\"https:\/\/skanderborgbnb.dk\/#website\"},\"primaryImageOfPage\":{\"@id\":\"https:\/\/skanderborgbnb.dk\/#primaryimage\"},\"image\":{\"@id\":\"https:\/\/skanderborgbnb.dk\/#primaryimage\"},\"thumbnailUrl\":\"https:\/\/skanderborgbnb.dk\/wp-content\/uploads\/2024\/12\/20-1127-IP6_haven_2020-07-13-15-35-1024x768.jpeg\",\"datePublished\":\"2024-03-24T11:50:49+00:00\",\"dateModified\":\"2026-02-21T21:38:25+00:00\",\"description\":\"Bed and Breakfast med hotel standard tilbyder overnatning i Skanderborg by, samt guide til by og natur. Bedst beliggende overnatning i Skanderborg.\",\"breadcrumb\":{\"@id\":\"https:\/\/skanderborgbnb.dk\/#breadcrumb\"},\"inLanguage\":\"da-DK\",\"potentialAction\":[{\"@type\":\"ReadAction\",\"target\":[\"https:\/\/skanderborgbnb.dk\/\"]}]},{\"@type\":\"ImageObject\",\"inLanguage\":\"da-DK\",\"@id\":\"https:\/\/skanderborgbnb.dk\/#primaryimage\",\"url\":\"https:\/\/skanderborgbnb.dk\/wp-content\/uploads\/2024\/12\/20-1127-IP6_haven_2020-07-13-15-35-scaled.jpeg\",\"contentUrl\":\"https:\/\/skanderborgbnb.dk\/wp-content\/uploads\/2024\/12\/20-1127-IP6_haven_2020-07-13-15-35-scaled.jpeg\",\"width\":2560,\"height\":1920},{\"@type\":\"BreadcrumbList\",\"@id\":\"https:\/\/skanderborgbnb.dk\/#breadcrumb\",\"itemListElement\":[{\"@type\":\"ListItem\",\"position\":1,\"name\":\"Hjem\",\"item\":\"https:\/\/skanderborgbnb.dk\/\"},{\"@type\":\"ListItem\",\"position\":2,\"name\":\"Skanderborg BnB\u00a0\"}]},{\"@type\":\"WebSite\",\"@id\":\"https:\/\/skanderborgbnb.dk\/#website\",\"url\":\"https:\/\/skanderborgbnb.dk\/\",\"name\":\"Skanderborg BnB \u00d8stergade\",\"description\":\"Byens bedste beliggenhed\",\"publisher\":{\"@id\":\"https:\/\/skanderborgbnb.dk\/#organization\"},\"potentialAction\":[{\"@type\":\"SearchAction\",\"target\":{\"@type\":\"EntryPoint\",\"urlTemplate\":\"https:\/\/skanderborgbnb.dk\/?s={search_term_string}\"},\"query-input\":{\"@type\":\"PropertyValueSpecification\",\"valueRequired\":true,\"valueName\":\"search_term_string\"}}],\"inLanguage\":\"da-DK\"},{\"@type\":\"Organization\",\"@id\":\"https:\/\/skanderborgbnb.dk\/#organization\",\"name\":\"Skanderborg BnB \u00d8stergade\",\"url\":\"https:\/\/skanderborgbnb.dk\/\",\"logo\":{\"@type\":\"ImageObject\",\"inLanguage\":\"da-DK\",\"@id\":\"https:\/\/skanderborgbnb.dk\/#\/schema\/logo\/image\/\",\"url\":\"https:\/\/skanderborgbnb.dk\/wp-content\/uploads\/2024\/06\/cropped-237181317-Huset-BANNER.jpg\",\"contentUrl\":\"https:\/\/skanderborgbnb.dk\/wp-content\/uploads\/2024\/06\/cropped-237181317-Huset-BANNER.jpg\",\"width\":1024,\"height\":384,\"caption\":\"Skanderborg BnB \u00d8stergade\"},\"image\":{\"@id\":\"https:\/\/skanderborgbnb.dk\/#\/schema\/logo\/image\/\"}}]}<\/script>\n<!-- \/ Yoast SEO plugin. -->","yoast_head_json":{"title":"Skanderborg BnB\u00a0 - Skanderborg BnB \u00d8stergade","description":"Bed and Breakfast med hotel standard tilbyder overnatning i Skanderborg by, samt guide til by og natur. Bedst beliggende overnatning i Skanderborg.","robots":{"index":"index","follow":"nofollow","max-snippet":"max-snippet:-1","max-image-preview":"max-image-preview:large","max-video-preview":"max-video-preview:-1"},"canonical":"https:\/\/skanderborgbnb.dk\/","og_locale":"da_DK","og_type":"article","og_title":"Skanderborg BnB\u00a0 - Skanderborg BnB \u00d8stergade","og_description":"Bed and Breakfast med hotel standard tilbyder overnatning i Skanderborg by, samt guide til by og natur. Bedst beliggende overnatning i Skanderborg.","og_url":"https:\/\/skanderborgbnb.dk\/","og_site_name":"Skanderborg BnB \u00d8stergade","article_modified_time":"2026-02-21T21:38:25+00:00","og_image":[{"width":2560,"height":1920,"url":"https:\/\/skanderborgbnb.dk\/wp-content\/uploads\/2024\/12\/20-1127-IP6_haven_2020-07-13-15-35-scaled.jpeg","type":"image\/jpeg"}],"twitter_card":"summary_large_image","twitter_misc":{"Estimeret l\u00e6setid":"1 minut"},"schema":{"@context":"https:\/\/schema.org","@graph":[{"@type":"WebPage","@id":"https:\/\/skanderborgbnb.dk\/","url":"https:\/\/skanderborgbnb.dk\/","name":"Skanderborg BnB\u00a0 - Skanderborg BnB \u00d8stergade","isPartOf":{"@id":"https:\/\/skanderborgbnb.dk\/#website"},"primaryImageOfPage":{"@id":"https:\/\/skanderborgbnb.dk\/#primaryimage"},"image":{"@id":"https:\/\/skanderborgbnb.dk\/#primaryimage"},"thumbnailUrl":"https:\/\/skanderborgbnb.dk\/wp-content\/uploads\/2024\/12\/20-1127-IP6_haven_2020-07-13-15-35-1024x768.jpeg","datePublished":"2024-03-24T11:50:49+00:00","dateModified":"2026-02-21T21:38:25+00:00","description":"Bed and Breakfast med hotel standard tilbyder overnatning i Skanderborg by, samt guide til by og natur. Bedst beliggende overnatning i Skanderborg.","breadcrumb":{"@id":"https:\/\/skanderborgbnb.dk\/#breadcrumb"},"inLanguage":"da-DK","potentialAction":[{"@type":"ReadAction","target":["https:\/\/skanderborgbnb.dk\/"]}]},{"@type":"ImageObject","inLanguage":"da-DK","@id":"https:\/\/skanderborgbnb.dk\/#primaryimage","url":"https:\/\/skanderborgbnb.dk\/wp-content\/uploads\/2024\/12\/20-1127-IP6_haven_2020-07-13-15-35-scaled.jpeg","contentUrl":"https:\/\/skanderborgbnb.dk\/wp-content\/uploads\/2024\/12\/20-1127-IP6_haven_2020-07-13-15-35-scaled.jpeg","width":2560,"height":1920},{"@type":"BreadcrumbList","@id":"https:\/\/skanderborgbnb.dk\/#breadcrumb","itemListElement":[{"@type":"ListItem","position":1,"name":"Hjem","item":"https:\/\/skanderborgbnb.dk\/"},{"@type":"ListItem","position":2,"name":"Skanderborg BnB\u00a0"}]},{"@type":"WebSite","@id":"https:\/\/skanderborgbnb.dk\/#website","url":"https:\/\/skanderborgbnb.dk\/","name":"Skanderborg BnB \u00d8stergade","description":"Byens bedste beliggenhed","publisher":{"@id":"https:\/\/skanderborgbnb.dk\/#organization"},"potentialAction":[{"@type":"SearchAction","target":{"@type":"EntryPoint","urlTemplate":"https:\/\/skanderborgbnb.dk\/?s={search_term_string}"},"query-input":{"@type":"PropertyValueSpecification","valueRequired":true,"valueName":"search_term_string"}}],"inLanguage":"da-DK"},{"@type":"Organization","@id":"https:\/\/skanderborgbnb.dk\/#organization","name":"Skanderborg BnB \u00d8stergade","url":"https:\/\/skanderborgbnb.dk\/","logo":{"@type":"ImageObject","inLanguage":"da-DK","@id":"https:\/\/skanderborgbnb.dk\/#\/schema\/logo\/image\/","url":"https:\/\/skanderborgbnb.dk\/wp-content\/uploads\/2024\/06\/cropped-237181317-Huset-BANNER.jpg","contentUrl":"https:\/\/skanderborgbnb.dk\/wp-content\/uploads\/2024\/06\/cropped-237181317-Huset-BANNER.jpg","width":1024,"height":384,"caption":"Skanderborg BnB \u00d8stergade"},"image":{"@id":"https:\/\/skanderborgbnb.dk\/#\/schema\/logo\/image\/"}}]}},"_links":{"self":[{"href":"https:\/\/skanderborgbnb.dk\/index.php\/wp-json\/wp\/v2\/pages\/12","targetHints":{"allow":["GET"]}}],"collection":[{"href":"https:\/\/skanderborgbnb.dk\/index.php\/wp-json\/wp\/v2\/pages"}],"about":[{"href":"https:\/\/skanderborgbnb.dk\/index.php\/wp-json\/wp\/v2\/types\/page"}],"author":[{"embeddable":true,"href":"https:\/\/skanderborgbnb.dk\/index.php\/wp-json\/wp\/v2\/users\/1"}],"replies":[{"embeddable":true,"href":"https:\/\/skanderborgbnb.dk\/index.php\/wp-json\/wp\/v2\/comments?post=12"}],"version-history":[{"count":167,"href":"https:\/\/skanderborgbnb.dk\/index.php\/wp-json\/wp\/v2\/pages\/12\/revisions"}],"predecessor-version":[{"id":1854,"href":"https:\/\/skanderborgbnb.dk\/index.php\/wp-json\/wp\/v2\/pages\/12\/revisions\/1854"}],"wp:attachment":[{"href":"https:\/\/skanderborgbnb.dk\/index.php\/wp-json\/wp\/v2\/media?parent=12"}],"curies":[{"name":"wp","href":"https:\/\/api.w.org\/{rel}","templated":true}]}}